n factor of 20 and z?
5
Let a(p) = p**2 - 28*p - 146. Let d be a(44). Let w = 439 + -377. Calculate the highest common divisor of w and d.
62
Let k be (-296)/(16/(-192)*16). What is the highest common divisor of 9694 and k?
74
Let r be (-4 + (-3 - -2)/(4/(-22)))*32. Calculate the greatest common factor of r and 900.
12
Let k be ((-221)/(-65) - 2)*-5. Suppose -x + 6*x - 60 = 0. Let y be ((-9)/(-18))/(k/x)*-42. Calculate the highest common divisor of y and 12.
12
Let d(f) = -14*f + 106. Let z be d(-13). Let n = z - -383. What is the greatest common factor of n and 61?
61
Let n(b) = -47*b - 1. Let k be n(-7). Let d = 100 - 287. Let u = 228 + d. What is the greatest common factor of k and u?
41
Let y(x) = -x**3 - 10*x**2 - 10*x + 34. Let h be y(-10). What is the highest common divisor of h and 6499?
67
Let n be 12 + -4 - (-25 - -12). Suppose -2*c = 3*s - 97, -19*s = 2*c - n*s - 102. Calculate the highest common divisor of c and 1050.
50
Suppose -8*n + 52 = 244. Let r be (n/(-60))/(-2 - 562/(-280)). Let w be ((-2 - -10)*-3)/(18/(-12)). Calculate the greatest common divisor of w and r.
8
Suppose 15*u = 23852 + 32578. Suppose 0*h - u = -6*h. What is the highest common divisor of h and 57?
57
Suppose -29 - 1 = -3*g. Let l be (-4 + 12)/(16/12*126/210). What is the highest common divisor of g and l?
10
Let w = -17978 - -18713. What is the highest common divisor of w and 105?
105
Let w(j) be the third derivative of -j**4/12 + 287*j**3/6 - 50*j**2. Let h be w(0). Calculate the highest common divisor of h and 41.
41
Let h(p) = 3*p - 30. Let g be h(0). Let m = -14 - g. Let y = 71 - 39. What is the greatest common divisor of m and y?
16
Suppose -4*k + 862 + 458 = 0. Let y be 12/8*2 - -6. Let s = y - -24. What is the greatest common factor of s and k?
33
Let k = 9470 + -8976. What is the highest common divisor of k and 190?
38
Suppose 433*m + 332 = 435*m. Let r = -121 + m. What is the highest common divisor of 495 and r?
45
Suppose -3*u + 2*l - 7 = -142, -4*l = 0. Let q = u - 82. Let p = -16 - q. Calculate the greatest common divisor of p and 3.
3
Suppose -36*o + 55489 - 12433 = 0. What is the highest common divisor of 4 and o?
4
Suppose 10598 = 2*b + v + 1103, 3*b = -2*v + 14244. Calculate the greatest common divisor of 1808 and b.
226
Let b(d) be the first derivative of -d**3/3 - 23*d**2 - 58*d + 44. Let z be b(-44). What is the highest common factor of z and 855?
15
Let v(q) = q**2 - 9*q + 6. Let c be v(-14). Let g be (0 - -5 - c/56)*-14. What is the highest common divisor of 76 and g?
4
Let h(g) = 14*g**2 - 346*g + 8. Let d be h(26). What is the greatest common divisor of 420 and d?
28
Let s(a) = 6*a + 57. Let u be s(-13). Let x be -3*(-6 - 112/u). What is the greatest common factor of x and 1?
1
Suppose -2*a = -2*i - 34, -5*a - 3*i + 80 = 11. Suppose -a*w + 3675 = -0*w. What is the highest common divisor of 49 and w?
49
Suppose 78 + 40 = 2*f. Let c = -6614 + 6673. What is the highest common factor of c and f?
59
Suppose 4*k = -u + 241, -u - u + 3*k + 515 = 0. Suppose -h - 3*v = -91, h + u = 4*h - v. Calculate the highest common divisor of h and 34.
17
Suppose -c + 6 = 3. Let b be ((-128)/c)/((-4)/6). Suppose -5*l + 53 = 2*z - 33, 15 = 5*z. Calculate the highest common factor of b and l.
16
Let n be (-4)/(12/(-9)) - -32. Suppose 0 = -o - 3*j + 74, -3*j - 11 = 2*o - 162. What is the greatest common factor of n and o?
7
Let a(v) = -v**2 + 14*v - 3. Let p = 18 - 13. Let n be a(p). Suppose -j + n = 2*i, -5*j - i = -86 - 115. Calculate the highest common divisor of j and 5.
5
Suppose -9*z + 8*z + r = -308, 5*z + 2*r = 1512. Let c = 308 - z. Calculate the greatest common factor of c and 64.
4
Suppose 0 = 5*b - 5*w - 1125, -5*b - 130*w + 133*w + 1119 = 0. Calculate the greatest common divisor of 204 and b.
6
Let y = 24 + -24. Let i be 5/(10/12) + y. Let c = i + 20. Calculate the highest common divisor of c and 13.
13
Let c be 4/((1/(-4))/((-85)/68)). What is the greatest common divisor of 1450 and c?
10
Let i be (-4)/(-3)*(-1200)/32. Let t be (1 + (5 - 0))*i/(-25). Let j(g) = 9*g - 6. Let q be j(4). What is the greatest common factor of q and t?
6
Let j(q) = -208*q - 5618. Let m be j(-29). What is the highest common factor of 222 and m?
6
Let a(r) = 11*r - 22. Let v(j) = -92*j - 6. Let b be v(1). Let m = 102 + b. Let o be a(m). Calculate the highest common divisor of o and 44.
22
Let f be 6/(-10) + (-126)/(-10). Suppose -4*t - 3 = -15. Suppose -h + 4*l = t*h - 104, 2*h + 2*l = 68. What is the greatest common divisor of h and f?
6
Let u be 868/93 + 1/(-3). Suppose -b + u = 4*j - 26, -5*b + 90 = 3*j. Calculate the greatest common factor of b and 125.
5
Let b = -1080 - -1516. Calculate the greatest common divisor of 32 and b.
4
Let f = 107599 - 107586. Let y(o) = 58*o + 10. Let l be y(7). What is the highest common factor of f and l?
13
Let h be (-40)/(0/3 - 2). Let s(m) = 29 - 17 - 2*m**2 - 19*m + 9. Let j be s(-9). What is the greatest common divisor of j and h?
10
Let t(l) = l**3 - 12*l**2 - 14*l + 16. Let r be 0 - 3/(-9) - 76/(-6). Let d be t(r). Let i be 5 + -1 + (d - 5). What is the greatest common factor of i and 2?
2
Suppose -3*c = 2*c - 340. Suppose -5*d = -a + 77, 1570*a = 1571*a - 4*d - 65. Calculate the highest common factor of a and c.
17
Suppose -70 = -23*x - 590 + 2613. Let c(d) = -d - 8. Let w be c(-5). Let j be 14 - w*(-3)/9. What is the highest common factor of j and x?
13
Let r be (-104)/12*(-860 - -209). Calculate the greatest common divisor of r and 186.
62
Suppose -13*n = -53523 - 19277. Calculate the greatest common factor of 25 and n.
25
Suppose -22164 = 72*a - 60*a. Let g = a + 3255. Calculate the highest common divisor of g and 44.
44
Let m be (-3975)/(-27) - (-2)/(-9). Let a = 748 + -727. What is the greatest common divisor of m and a?
21
Let t = 3 + 8. Let j be (292/(-657))/((-2)/36) - (-2 + -441). What is the greatest common factor of j and t?
11
Let m(d) = 8*d**3 + d**2 - 3*d + 2. Let x = 2 + 0. Let p be m(x). Let u(w) = -w**2 + 35*w - 256. Let r be u(24). What is the highest common factor of p and r?
8
Suppose -4*t - u - 32 + 196 = 0, -220 = -5*t - 5*u. Suppose -99*z = -41*z - 41*z - 5440. Calculate the greatest common factor of z and t.
40
Let n(a) = 112 - 53 + 18 + a + 4. Let b be n(0). What is the highest common factor of 135 and b?
27
Suppose 16*f = 812 + 404. Calculate the greatest common divisor of f and 760.
76
Let v(f) = 528*f**3 + 2*f**2 - 2*f. Let t = -451 - -452. Let m be v(t). Calculate the greatest common divisor of m and 36.
12
Suppose -2*f + 624 = -0*f. Let w be 4 + (24 - 20/5). What is the highest common divisor of w and f?
24
Let r be (13 + -13)/8 + 1248. Calculate the greatest common factor of r and 39.
39
Let z = 3999 + -3937. Calculate the greatest common divisor of 279 and z.
31
Let v(y) = -5*y**3 + 4*y**2 + 2*y**3 + 5*y + 3 + 2*y**3. Let r be v(5). Let s(x) = -50*x - 597. Let f be s(-12). What is the highest common divisor of r and f?
3
Suppose -104 = -3*w + 5*b, w + 2*b = -0*b + 20. Suppose 0 = -2*a - s + 301, -130*a + 131*a - 4*s = 182. What is the greatest common divisor of a and w?
14
Let w = 249 + -239. Suppose -4*z + 30 = 2*l, -3*l - 15*z = -w*z - 45. What is the highest common divisor of 20 and l?
5
Suppose -3*m + 7 + 0 = -s, 0 = -s - 2*m + 8. Suppose 423 = 4*i + s*b + b, 2*i = 2*b + 222. What is the highest common factor of 9 and i?
9
Let g be -9 + (52/130)/((-4)/(-30790)). What is the highest common factor of 10 and g?
10
Let z(a) = -26*a - 244. Let n be z(-11). What is the greatest common divisor of n and 350?
14
Let s(y) = -y**3 - 23*y**2 + y + 307. Let a be s(-23). What is the greatest common factor of a and 2911?
71
Let u = 22 + -10. Suppose -u*x + 90 + 918 = 0. What is the highest common factor of x and 3?
3
Let j be (-188 + 173)*(8/(-3) - 1). What is the highest common factor of 1760 and j?
55
Let n be (-6304)/((-7 - -1)/6 + -1). Calculate the greatest common divisor of 16 and n.
16
Let m(c) = -c**2 - 34*c - 138. Let d be m(-27). Suppose -o = -2*p - d, -5*o - 3*p + 14 = -202. Calculate the highest common divisor of o and 225.
45
Suppose -k = -3*h - 1896, 5*k + 2*h - 2049 = 7567. Calculate the highest common factor of 144 and k.
48
Let t = 2804 + -2504. Calculate the greatest common factor of 1